 = 3*d - 10. Calculate the greatest common factor of 30 and w.
10
Let h(l) = l**3 - 6*l**2 - 7*l + 27. Let p be h(7). What is the greatest common factor of p and 54?
27
Suppose r = -2*r + 12. Suppose r*o - 17 = 7. What is the highest common factor of 9 and o?
3
Let a(p) = -p**3 + 10*p**2 - 10*p + 18. Let j be a(9). What is the greatest common divisor of 90 and j?
9
Let i(d) = d**3 + 6*d**2 + 4*d + 11. Let x be i(-6). Let m = -2 + -7. Let g = m - x. Calculate the greatest common factor of g and 1.
1
Suppose -x - 9 = -2*x. Suppose x = 4*d - 15. Suppose -5*h + 25 = 0, -2*b + 6*b = -h + 245. Calculate the highest common divisor of d and b.
6
Suppose 2*a - s - 40 = 0, -3*s = 6*a - 2*a - 70. Suppose 0 = -4*d + 139 - a. What is the highest common factor of d and 210?
30
Suppose 180 = -0*z + 4*z. Let v(x) = x**2 - x - 2. Let w be v(5). What is the highest common divisor of w and z?
9
Let m(n) = 3*n - 7. Let p be m(5). Let d = -4 - -8. Suppose -v = -2*t - 0*t - 10, -4*t = d. Calculate the greatest common divisor of v and p.
8
Let t(g) = -g**2 + 7*g - 3. Let a be t(5). What is the greatest common divisor of a and 49?
7
Let h = -34 - -23. Let w = h + 12. What is the greatest common factor of w and 1?
1
Suppose -4*n + 2 = 5*p + 3, 4*p + 3*n = 0. Suppose 5*a = p*c + 123 - 6, 4*a = -5*c + 101. What is the greatest common factor of a and 3?
3
Suppose -3*s = -8*s + 625. Calculate the greatest common divisor of 25 and s.
25
Let n = 8 - 12. Let y be (n/12)/((-2)/12). Suppose -4*s = 3*l - 61, s = -y*s - 15. Calculate the greatest common divisor of l and 9.
9
Let r be (4/(-3 + -1))/(-1). Calculate the highest common divisor of 3 and r.
1
Let f(s) = 4*s**2 + 9*s + 5. Let i be f(-6). What is the highest common divisor of 19 and i?
19
Suppose -8 = -v - y, -v + 0*y = -3*y + 12. What is the highest common divisor of 45 and v?
3
Suppose 2*z = 35 - 13. Calculate the highest common divisor of z and 121.
11
Suppose -3*w + c - 32 = 0, 2*w + 4*c + 4 = -36. Let p be w/(-28) - (-22)/14. Calculate the greatest common divisor of p and 5.
1
Let o be ((-12)/5)/((-10)/125). Let y be 14/7*o/4. Suppose -4*x - 2*k = -x - 30, 3*x - y = 3*k. What is the greatest common factor of 2 and x?
2
Let w(y) = y**3 - 3*y**2 + 2*y + 2. Let m be w(2). Let v = 90 - 84. Calculate the highest common divisor of v and m.
2
Suppose -4*c + 6*c + 31 = i, 0 = -5*i + 5*c + 130. Suppose -k + 20 = 3*k. Suppose k*t - 54 = -19. What is the highest common divisor of i and t?
7
Let f(v) = v**3 - 12*v**2 + 11*v + 37. Let x be f(11). What is the greatest common divisor of x and 37?
37
Let d be -3*(-1 - (-519)/(-9)). What is the greatest common divisor of 22 and d?
22
Let m = -4 - -14. Let j(g) = 2*g**2 - 10*g + 8. Let y be j(6). Suppose p - y = -p. Calculate the highest common factor of p and m.
10
Suppose 0 = -l + 20 + 17. Suppose 0 = -4*p + 2*a + 70, -2*p + l = 4*a - 3*a. What is the greatest common factor of 144 and p?
18
Let f be 0 + 2/((-2)/(-7)). Let h = -4 + 6. Suppose -h*i - 1 = -f. Calculate the highest common factor of i and 27.
3
Suppose 0 = -3*p + q + 173, -2*p - 5*q = -4*q - 107. Calculate the greatest common divisor of 8 and p.
8
Let p(w) be the second derivative of 2*w**4/3 - w**3/3 + w**2 + 4*w. Let c be p(2). What is the highest common factor of c and 12?
6
Let m(z) = -z. Let a be m(-2). Suppose -u + 44 = -7. Let t = u - 33. What is the greatest common divisor of t and a?
2
Suppose 0*q = -q + 42. Calculate the greatest common divisor of 21 and q.
21
Let g(h) = 2*h**2 + 3*h - 13. Let b be g(9). Suppose s + 3*s - b = 0. Calculate the greatest common factor of s and 4.
4
Let f = 38 - 69. Let u = -10 - f. What is the greatest common divisor of u and 7?
7
Suppose t + 11 = 3*k, -3*t + 5*t = -2*k - 6. Calculate the greatest common divisor of k and 22.
2
Suppose -7*r + 3*r + 92 = 0. What is the highest common factor of r and 69?
23
Suppose 5*g + 23 = -22. Let i be 300/g*18/(-15). Let y = 14 - 6. What is the highest common divisor of i and y?
8
Let v be (9 + -7)/(2/4). Let c = 16 + v. Calculate the greatest common divisor of 5 and c.
5
Suppose 3 = -0*h - 3*h. Let b be h + (-9 - -2 - -1). Let s = -4 - b. Calculate the greatest common factor of 12 and s.
3
Let l = -84 - -90. Suppose -5*m - 2*j + 124 = 0, 2*j + 20 = 5*m - 4*m. Calculate the highest common divisor of l and m.
6
Let p be (-105)/(-6) - (-1)/2. Let t be (-4)/p - 569/(-9). What is the greatest common divisor of t and 9?
9
Suppose -3 - 39 = -3*q. Let v be (-3)/(-1 + (-18)/(-21)). Calculate the greatest common factor of q and v.
7
Suppose 4*w + 42 = 5*g - 13, 5*g = -2*w + 25. Calculate the highest common factor of 77 and g.
7
Suppose 358 = 6*f + 46. What is the greatest common divisor of f and 39?
13
Suppose -3*u + 18 = -6. What is the highest common factor of u and 24?
8
Let b = 89 - 33. Calculate the greatest common factor of b and 14.
14
Let r(k) = k - 6. Let b be r(4). Let w be b/7 - 258/(-21). Calculate the highest common divisor of w and 36.
12
Let b(o) = 4*o - 20. Let m be b(12). Let c be (-14)/((3 - 2)/(-3)). What is the highest common factor of c and m?
14
Suppose -7*x = -8*x - 8. Let t be -2*4/x - -11. Calculate the highest common factor of 12 and t.
12
Let x(s) = -s**3 + 5*s**2 + 6*s + 5. Let l be x(6). Suppose -349 = -4*h + l*z, -3*z - 32 = 3*h - 260. What is the highest common factor of h and 9?
9
Let d = -17 + 2. Let t be (-2 + 8)/(d/(-10)). Suppose -16 - 56 = -t*f. What is the highest common factor of f and 12?
6
Let g = -177 + 189. What is the greatest common divisor of 84 and g?
12
Suppose w = 2*l + 24, l = -3*w + 2*w - 12. Let u be (-387)/l + 3/(-12). What is the highest common divisor of 8 and u?
8
Let j = 6 - 12. Suppose 5*f - 52 = -127. Let m = j - f. Calculate the greatest common factor of 1 and m.
1
Let i = 16 + 27. Suppose 2*w - i = 13. What is the greatest common factor of w and 7?
7
Suppose 81 = 5*g - 39. Calculate the highest common divisor of 56 and g.
8
Suppose -460 = -5*y - 5*b, -2*y + 118 + 75 = -b. What is the highest common divisor of y and 19?
19
Let m be (5*(2 + -1))/(-1). Suppose -k + 518 = 5*o + k, -5*o - 3*k = -517. Let r = m + o. What is the highest common factor of 11 and r?
11
Let c(m) = m**3 - 6*m**2 + 9*m - 41. Let l be c(6). Calculate the greatest common divisor of 91 and l.
13
Let u be 4 + (5 - 3)/(-2). Suppose u*k - 308 = -5*s, 5*s = k - 0*k - 76. Calculate the greatest common factor of 12 and k.
12
Let y be (-3 - 7/(-4))*-20. Suppose -6*u + 11*u - y = 0. What is the greatest common factor of 35 and u?
5
Suppose 2*b + 23 = 73. What is the greatest common divisor of 10 and b?
5
Suppose -46 - 114 = -4*d. Let y(i) = 7*i - 55. Let c be y(9). Calculate the greatest common factor of c and d.
8
Suppose -5*j = -3*n + 4, 2*n + j = -3*j + 10. Suppose -n*l + 0*l + 24 = 0. What is the greatest common divisor of l and 8?
8
Let q be 39/12 - (-2)/(-8). Suppose -w = -5*f + 10 - 1, -q*w + 13 = -5*f. What is the greatest common divisor of 11 and w?
11
Suppose 4*k - 56 = -4*k. Calculate the highest common factor of k and 14.
7
Suppose -4*b = -2*d + 15 + 15, -b = 3*d - 66. What is the highest common factor of 3 and d?
3
Suppose -15*f + 6*f + 54 = 0. Suppose -x = 5*o - 3*o - 14, o - 21 = -4*x. Calculate the greatest common factor of f and x.
2
Let b = 78 + -40. Calculate the greatest common factor of 266 and b.
38
Let h be (150 + 0)*1/1. Suppose -b - h = -3*b. Let q be 176/6 + 6/9. What is the greatest common factor of q and b?
15
Suppose 0*j - 3*j = 0. Suppose -5*k + 2*k + 468 = j. Suppose -f = 0, p = 4*p - 5*f - k. Calculate the highest common divisor of p and 13.
13
Suppose -5*u + 2*a + 171 = 0, -4*u + 148 = 2*a + 2*a. Calculate the highest common divisor of 7 and u.
7
Let r = -2 - -1. Let s be (-325)/20*4*r. What is the highest common divisor of s and 26?
13
Suppose -4*b = -4*r + 44, -4*r - 4*b - 1 = -13. Calculate the greatest common factor of 14 and r.
7
Suppose 0 = -o - w + 19, 3*w = -3*o + 4*w + 49. Suppose 0 = 3*f + f - 272. What is the greatest common factor of o and f?
17
Suppose 2*r + r - 60 = 0. Let w be (r/(-12) - -2)*30. What is the highest common divisor of w and 5?
5
Let o = -29 + 86. Suppose 2*f = 41 + o. What is the greatest common factor of f and 7?
7
Suppose -4*j + 2*j = -18. Let k be 4/10*(1 + j). C